{"id":16642,"date":"2026-04-18T23:13:02","date_gmt":"2026-04-18T23:13:02","guid":{"rendered":"https:\/\/ewajoyeria.com\/?post_type=product&#038;p=16642"},"modified":"2026-05-01T18:34:20","modified_gmt":"2026-05-01T18:34:20","slug":"anillo-de-matrimonio-mujer-en-oro-blanco-con-diamantes-estilo-chanel","status":"publish","type":"product","link":"https:\/\/ewajoyeria.com\/index.php\/producto\/anillo-de-matrimonio-mujer-en-oro-blanco-con-diamantes-estilo-chanel\/","title":{"rendered":"Anillo de matrimonio mujer en oro blanco con diamantes estilo CHANEL"},"content":{"rendered":"<p>Anillo de matrimonio mujer en oro blanco de 18 quilates estilo CHANEL (VARIACI\u00d3N)<\/p>\n<p>0.17 ct de diamante en total<\/p>\n<p>COLOR DE DIAMANTE I-H<\/p>\n<p><a href=\"https:\/\/ewajoyeria.com\/index.php\/2024\/03\/28\/color-y-quilates-de-los-diamantes-utilizados-en-ewa-joyeria\/\">\u00bfQu\u00e9 significa esto?<\/a><\/p>\n<p>Hecho en Colombia con materiales de alta calidad.<\/p>\n<p>Conoce nuestro oro: ORO RESPONSABLE<\/p>\n<p>Garant\u00eda de por vida para mantenimiento y limpieza.<\/p>\n","protected":false},"excerpt":{"rendered":"<p>Cl\u00e1sico, el estilo Chanel permanece por su dise\u00f1o y lujo. EWA hace su variaci\u00f3n con su esencia. Cuidadosamente seleccionado para combinar con cualquier anillo de compromiso.<\/p>\n<p>Anillo de matrimonio mujer estilo CHANEL<\/p>\n<p>0.17 ct de diamante en total<\/p>\n<p>COLOR DE DIAMANTE I-H<\/p>\n<p>Hecho en Colombia con materiales de alta calidad.<\/p>\n<p>Conoce nuestro oro: ORO RESPONSABLE<\/p>\n<p>Hecho en Colombia, materiales alta calidad y garant\u00eda mantenimiento.<\/p>\n","protected":false},"featured_media":12524,"comment_status":"open","ping_status":"closed","template":"","meta":{"site-sidebar-layout":"default","site-content-layout":"","ast-site-content-layout":"default","site-content-style":"default","site-sidebar-style":"default","ast-global-header-display":"","ast-banner-title-visibility":"","ast-main-header-display":"","ast-hfb-above-header-display":"","ast-hfb-below-header-display":"","ast-hfb-mobile-header-display":"","site-post-title":"","ast-breadcrumbs-content":"","ast-featured-img":"","footer-sml-layout":"","theme-transparent-header-meta":"","adv-header-id-meta":"","stick-header-meta":"","header-above-stick-meta":"","header-main-stick-meta":"","header-below-stick-meta":"","astra-migrate-meta-layouts":"default","ast-page-background-enabled":"default","ast-page-background-meta":{"desktop":{"background-color":"var(--ast-global-color-4)","background-image":"","background-repeat":"repeat","background-position":"center center","background-size":"auto","background-attachment":"scroll","background-type":"","background-media":"","overlay-type":"","overlay-color":"","overlay-opacity":"","overlay-gradient":""},"tablet":{"background-color":"","background-image":"","background-repeat":"repeat","background-position":"center center","background-size":"auto","background-attachment":"scroll","background-type":"","background-media":"","overlay-type":"","overlay-color":"","overlay-opacity":"","overlay-gradient":""},"mobile":{"background-color":"","background-image":"","background-repeat":"repeat","background-position":"center center","background-size":"auto","background-attachment":"scroll","background-type":"","background-media":"","overlay-type":"","overlay-color":"","overlay-opacity":"","overlay-gradient":""}},"ast-content-background-meta":{"desktop":{"background-color":"var(--ast-global-color-5)","background-image":"","background-repeat":"repeat","background-position":"center center","background-size":"auto","background-attachment":"scroll","background-type":"","background-media":"","overlay-type":"","overlay-color":"","overlay-opacity":"","overlay-gradient":""},"tablet":{"background-color":"var(--ast-global-color-5)","background-image":"","background-repeat":"repeat","background-position":"center center","background-size":"auto","background-attachment":"scroll","background-type":"","background-media":"","overlay-type":"","overlay-color":"","overlay-opacity":"","overlay-gradient":""},"mobile":{"background-color":"var(--ast-global-color-5)","background-image":"","background-repeat":"repeat","background-position":"center center","background-size":"auto","background-attachment":"scroll","background-type":"","background-media":"","overlay-type":"","overlay-color":"","overlay-opacity":"","overlay-gradient":""}}},"product_brand":[],"product_cat":[265],"product_tag":[],"class_list":{"0":"post-16642","1":"product","2":"type-product","3":"status-publish","4":"has-post-thumbnail","6":"product_cat-anillo-de-matrimonio-mujer","7":"desktop-align-left","8":"tablet-align-left","9":"mobile-align-left","11":"first","12":"instock","13":"shipping-taxable","14":"purchasable","15":"product-type-variable"},"aioseo_notices":[],"_links":{"self":[{"href":"https:\/\/ewajoyeria.com\/index.php\/wp-json\/wp\/v2\/product\/16642","targetHints":{"allow":["GET"]}}],"collection":[{"href":"https:\/\/ewajoyeria.com\/index.php\/wp-json\/wp\/v2\/product"}],"about":[{"href":"https:\/\/ewajoyeria.com\/index.php\/wp-json\/wp\/v2\/types\/product"}],"replies":[{"embeddable":true,"href":"https:\/\/ewajoyeria.com\/index.php\/wp-json\/wp\/v2\/comments?post=16642"}],"wp:featuredmedia":[{"embeddable":true,"href":"https:\/\/ewajoyeria.com\/index.php\/wp-json\/wp\/v2\/media\/12524"}],"wp:attachment":[{"href":"https:\/\/ewajoyeria.com\/index.php\/wp-json\/wp\/v2\/media?parent=16642"}],"wp:term":[{"taxonomy":"product_brand","embeddable":true,"href":"https:\/\/ewajoyeria.com\/index.php\/wp-json\/wp\/v2\/product_brand?post=16642"},{"taxonomy":"product_cat","embeddable":true,"href":"https:\/\/ewajoyeria.com\/index.php\/wp-json\/wp\/v2\/product_cat?post=16642"},{"taxonomy":"product_tag","embeddable":true,"href":"https:\/\/ewajoyeria.com\/index.php\/wp-json\/wp\/v2\/product_tag?post=16642"}],"curies":[{"name":"wp","href":"https:\/\/api.w.org\/{rel}","templated":true}]}}